03
List the prime factors of 2884612951.
11, 109, 503, 4783
List the prime factors of 85949192.
2, 7, 71, 21617
What are the prime factors of 1048055465?
5, 563, 372311
What are the prime factors of 4831489043?
19, 23, 11056039
List the prime factors of 28648583.
1597, 17939
What are the prime factors of 4712644287?
3, 13, 13426337
What are the prime factors of 4216516517?
1511, 2790547
What are the prime factors of 12919733?
12919733
What are the prime factors of 151182211?
41, 1297, 2843
List the prime factors of 13129860.
2, 3, 5, 59, 3709
List the prime factors of 40617835.
5, 29, 373, 751
What are the prime factors of 1181041738?
2, 523, 1129103
What are the prime factors of 43552096?
2, 7, 17, 11437
What are the prime factors of 135171617?
7, 113, 170887
What are the prime factors of 176972510?
2, 5, 11, 13, 123757
List the prime factors of 853324230.
2, 3, 5, 11, 173, 14947
List the prime factors of 169283741.
11, 67, 229693
List the prime factors of 159596453.
2069, 77137
What are the prime factors of 112683949?
7, 41, 199, 1973
What are the prime factors of 122686909?
17, 523, 13799
List the prime factors of 78404710.
2, 5, 41, 191231
What are the prime factors of 13636590?
2, 3, 5, 11, 31, 43
List the prime factors of 14329941.
3, 4776647
List the prime factors of 62520055.
5, 13, 961847
What are the prime factors of 363927399?
3, 11, 59, 186917
What are the prime factors of 1044824326?
2, 7, 13, 19, 73, 4139
List the prime factors of 68479480.
2, 5, 859, 1993
List the prime factors of 198633823.
2731, 72733
List the prime factors of 463321410.
2, 3, 5, 15444047
List the prime factors of 2716847982.
2, 3, 401, 376399
List the prime factors of 124405865.
5, 24881173
What are the prime factors of 4048473062?
2, 2024236531
What are the prime factors of 719244170?
2, 5, 71924417
List the prime factors of 9778670.
2, 5, 11, 88897
What are the prime factors of 3501037756?
2, 193, 211, 21493
List the prime factors of 442051221.
3, 17, 509863
What are the prime factors of 311978262?
2, 3, 197, 263941
What are the prime factors of 5883472152?
2, 3, 1297, 21001
List the prime factors of 5930095578.
2, 3, 11, 73, 107, 11503
List the prime factors of 49072302.
2, 3, 17, 160367
What are the prime factors of 41461090?
2, 5, 11, 37, 61, 167
List the prime factors of 165956115.
3, 5, 13, 851057
What are the prime factors of 115215600?
2, 3, 5, 96013
What are the prime factors of 1931369383?
1931369383
List the prime factors of 926175599.
926175599
List the prime factors of 509042004.
2, 3, 37, 1146491
List the prime factors of 533143413.
3, 11, 5385287
What are the prime factors of 647775175?
5, 29, 727, 1229
List the prime factors of 301222792.
2, 13, 2896373
What are the prime factors of 1402327970?
2, 5, 140232797
What are the prime factors of 2058163506?
2, 3, 7, 109, 16651
List the prime factors of 1734106958.
2, 167, 971, 5347
List the prime factors of 68645503.
68645503
List the prime factors of 314192094.
2, 3, 19, 2756071
List the prime factors of 24292467.
3, 47, 709
List the prime factors of 1183157220.
2, 3, 5, 7, 61, 46181
List the prime factors of 750667107.
3, 250222369
What are the prime factors of 85080989?
7, 73, 167, 997
What are the prime factors of 304554675?
3, 5, 4060729
List the prime factors of 13221888.
2, 3, 269
List the prime factors of 4922472773.
43, 114476111
What are the prime factors of 2309700438?
2, 3, 5303, 24197
List the prime factors of 2076392986.
2, 1187, 874639
What are the prime factors of 67843637?
43, 1577759
List the prime factors of 19211726.
2, 229, 41947
What are the prime factors of 29498265?
3, 5, 655517
What are the prime factors of 203665295?
5, 677, 60167
List the prime factors of 55935589.
197, 283937
List the prime factors of 1018296893.
1018296893
List the prime factors of 558489809.
251, 2225059
List the prime factors of 272923073.
4337, 62929
What are the prime factors of 1171660887?
3, 4409, 29527
What are the prime factors of 1865064109?
7487, 249107
List the prime factors of 303049329.
3, 11, 139, 66067
What are the prime factors of 53744731?
31, 1733701
List the prime factors of 197892933.
3, 7, 31, 303983
What are the prime factors of 8235013?
8235013
What are the prime factors of 15960120?
2, 3, 5, 11, 107, 113
List the prime factors of 2205963.
3, 245107
What are the prime factors of 105914093?
1399, 75707
List the prime factors of 46713840.
2, 3, 5, 59, 3299
List the prime factors of 2183377691.
11, 2113, 93937
What are the prime factors of 49499156?
2, 7, 181, 9767
What are the prime factors of 279750829?
7537, 37117
List the prime factors of 592017601.
7, 1019, 82997
List the prime factors of 1219136695.
5, 7, 1019, 34183
What are the prime factors of 56999175?
3, 5, 23, 173, 191
List the prime factors of 128916372.
2, 3, 13, 17, 48611
List the prime factors of 110570479.
110570479
What are the prime factors of 160001088?
2, 3, 13, 4931
What are the prime factors of 8824585?
5, 7, 11, 22921
What are the prime factors of 3414155856?
2, 3, 1307, 54421
List the prime factors of 166397105.
5, 7, 17, 279659
What are the prime factors of 2193504630?
2, 3, 5, 127, 575723
List the prime factors of 987767678.
2, 53, 101, 257, 359
List the prime factors of 21839126.
2, 83, 131561
List the prime factors of 3702595711.
43, 89, 967493
What are the prime factors of 54828435?
3, 5, 23, 158923
What are the prime factors of 123890165?
5, 7, 19, 186301
What are the prime factors of 41803378?
2, 241, 86729
List the prime factors of 20456823.
3, 6818941
What are the prime factors of 25681740?
2, 3, 5, 7, 47, 1301
What are the prime factors of 42710878?
2, 7, 3050777
What are the prime factors of 2914972589?
89, 32752501
List the prime factors of 5449135.
5, 227, 4801
What are the prime factors of 2602558589?
47, 431, 128477
What are the prime factors of 135147706?
2, 571, 118343
What are the prime factors of 22693556?
2, 967, 5867
List the prime factors of 6617325412.
2, 17, 619, 157211
List the prime factors of 38041304.
2, 7, 679309
List the prime factors of 253397135.
5, 50679427
List the prime factors of 225971753.
7, 1201, 26879
What are the prime factors of 1038748481?
1038748481
What are the prime factors of 34171844?
2, 7, 1220423
What are the prime factors of 425407145?
5, 113, 752933
List the prime factors of 115705901.
83, 1394047
What are the prime factors of 7175519282?
2, 79, 45414679
What are the prime factors of 289097264?
2, 18068579
List the prime factors of 1715696553.
3, 61, 9375391
List the prime factors of 74676207.
3, 24892069
What are the prime factors of 1754016?
2, 3, 11, 151
List the prime factors of 383055107.
383055107
List the prime factors of 26702044.
2, 1583, 4217
List the prime factors of 1077500770.
2, 5, 257, 419261
List the prime factors of 2757708139.
2757708139
What are the prime factors of 2433205037?
19, 53, 173, 13967
What are the prime factors of 1058159687?
13, 81396899
What are the prime factors of 931809310?
2, 5, 47, 1982573
List the prime factors of 246639026.
2, 17, 29, 41, 6101
List the prime factors of 440485195.
5, 88097039
List the prime factors of 224986069.
7, 11, 23, 11549
What are the prime factors of 286460061?
3, 4021, 23747
List the prime factors of 25740177.
3, 881, 9739
List the prime factors of 6383887709.
101, 997, 63397
List the prime factors of 1480510862.
2, 740255431
List the prime factors of 720905259.
3, 61, 3939373
List the prime factors of 47890903.
47890903
What are the prime factors of 52395943?
67, 151, 5179
What are the prime factors of 5948687261?
11, 540789751
List the prime factors of 274407888.
2, 3, 263, 21737
List the prime factors of 1017676441.
71, 599, 23929
List the prime factors of 38981074.
2, 11, 31, 61, 937
List the prime factors of 113728847.
113728847
List the prime factors of 9800152.
2, 1225019
List the prime factors of 311668340.
2, 5, 281, 55457
What are the prime factors of 385270964?
2, 13, 101, 109, 673
List the prime factors of 208866216.
2, 3, 13, 17, 53, 743
List the prime factors of 304217743.
29, 277, 37871
What are the prime factors of 314474826?
2, 3, 79, 349, 1901
What are the prime factors of 4485731256?
2, 3, 62301823
What are the prime factors of 758065572?
2, 3, 11, 19, 53, 1901
List the 